.
2, 11, 19
Let d(q) = -3*q + 8. Let w be d(2). Suppose c - w*x - 336 = -4*x, -c + x + 330 = 0. Let i = 577 - c. List the prime factors of i.
5, 7
Let f = 20 + -13. Suppose -2*v = -5*u + 785, -5*u + f = -4*v - 788. List the prime factors of u.
5, 31
Let x = 635 - -1603. Suppose -13*a + x = -3443. What are the prime factors of a?
19, 23
Suppose -8*d + 49*d = 287. What are the prime factors of d - 6 - -118 - 6?
113
Let r = -476 + 465. What are the prime factors of 5 - (-4 - r/(22/(-1556)))?
787
Let b = 74 + 59. Let j = b - 73. What are the prime factors of j?
2, 3, 5
Let x be (-6)/45 - (-319698)/135. Suppose -817 = 11*p - x. What are the prime factors of p?
3, 47
Let r(q) = 14*q**2 - 6*q**3 + 12*q**3 - 3*q**3 + 13 - 2*q**3 + 2*q. What are the prime factors of r(-11)?
2, 3, 59
Suppose -11*k + 14*k = 5*x - 39, -4*k - 36 = -4*x. Suppose x*q - 975 - 291 = 0. What are the prime factors of q?
211
Suppose -h - 23 + 17 = 0. List the prime factors of -3*27/((14/h)/7).
3
Let o(z) = 20272*z**2 - 96*z + 167. List the prime factors of o(2).
3, 9007
Suppose 0*x + 2*x + 10 = 0, 15 = -5*f - 5*x. Suppose f*i - 4*j + 24 = -0*i, 0 = i - j + 7. List the prime factors of (4 + -3)/((-1)/i) - -116.
2, 59
Suppose -19 - 1 = -10*v. Suppose -3*h = i - 1137, 7*h + 5*i - 1885 = v*h. List the prime factors of h.
2, 5, 19
Let j = 91 + -89. Suppose 9 = -k - j*a - 2, -4*a = k + 21. What are the prime factors of (-209)/k + 10 + -11?
2, 13
Let q = 2238 + -1320. Suppose -4*f + 2123 + q = -u, 0 = 4*f - 3*u - 3051. What are the prime factors of f?
3, 11, 23
Let z = 42824 + -21389. What are the prime factors of z?
3, 5, 1429
Suppose -4*b = -12, 4*h - 7 - 107 = -2*b. Suppose -1943 = -h*y + 649. List the prime factors of y.
2, 3
Let k(z) = -14*z**2 + 8*z**2 + 5*z + 16 + 11*z**2 + 7*z**2. What are the prime factors of k(3)?
139
Suppose -1329 = 3*q - 4*m, -5*m - 1302 = 3*q - 0*m. Let a = q + 651. What are the prime factors of a?
2, 53
Suppose 0 = -2*n - k + 1099, -30*n = -29*n - 4*k - 545. Suppose 0 = 10*z - 1411 - n. List the prime factors of z.
2, 7
Let s(y) = y**3 - 14*y**2 + 8*y - 14. Let c(d) = -d**2 + 7*d. Let v be c(4). Let h be s(v). Let n = h - -359. What are the prime factors of n?
3, 17
What are the prime factors of ((-18086)/(-3))/(10/30) + (-2 - -5)?
18089
Suppose -3*d + 5 = -13. What are the prime factors of (-8)/d - (-4840)/12?
2, 3, 67
Suppose 14 = -4*k + 11*k. Let q be 1*k + 5*114/(-6). Let b = -50 - q. What are the prime factors of b?
43
Let u be (-9)/((-27)/(-160)) + 4/12. Let z = u - -66. Suppose 9*p = z*p - 288. What are the prime factors of p?
2, 3
Suppose 2*q = 2*h - 6, 2*h = 3*q + 6 + 2. Let b be (1104 + -6)*q/4. What are the prime factors of (4/(-3))/(6/b)?
2, 61
Let u be 8/56 - 52/(-28). Suppose -u*t = -17*t + 15540. What are the prime factors of t?
2, 7, 37
Suppose 0 = 4*t + 5*v + 17, t - 3*v + 3 = -4*v. Suppose 10*p - 512 = 698. Suppose t*d = p + 47. List the prime factors of d.
2, 3, 7
Let s = -38 - -407. Suppose 129 + s = 3*w. Suppose -3*n + 470 = -5*c, 0*n + n + 3*c = w. List the prime factors of n.
2, 5
Let q = 202 - 165. Suppose 14690 = q*t - 42512. List the prime factors of t.
2, 773
Let q = 607 + -601. Suppose j - 3*f = 543, j + f + 2785 = q*j. What are the prime factors of j?
2, 3, 31
List the prime factors of ((-4)/(-18) + (-6488)/9)*-12.
2, 23, 47
Let h be 9/9*(-1)/(3/(-180)). Let o be 3/4 + 12735/h. Suppose 13*g = 1591 - o. List the prime factors of g.
2, 53
Suppose 59*t + 5*k + 33 = 57*t, 5*k = -25. Let a(r) = -47*r - 1. Let n(w) = 47*w + 2. Let q(i) = -6*a(i) - 7*n(i). List the prime factors of q(t).
2, 3, 5
Let g(d) = -d**3 + 12*d**2 - 10*d - 8. Let u be g(11). Suppose 4*x = -16, u*c - 5*x - 470 = -60. What are the prime factors of c?
2, 5, 13
Suppose -3664*y + 165451 = -3653*y. What are the prime factors of y?
13, 89
Let n be (-9258)/15 - 16/20. Let z = n + 924. Suppose 5*d - z = 4*b, -6*d = -2*d + b - 249. What are the prime factors of d?
2, 31
List the prime factors of (1263046/246)/(5/(-3) - -2).
73, 211
Suppose -d + 12 = 3*q + d, -2*q + 15 = -d. Suppose 343 = q*x - 143. What are the prime factors of x?
3
Suppose 0 = -24*o + 169449 + 80537 + 46918. What are the prime factors of o?
89, 139
Let x(b) be the third derivative of 1/6*b**4 + 0 + 15*b**2 + 47/60*b**5 + 0*b + 1/2*b**3. What are the prime factors of x(-1)?
2, 23
Let w(a) = 68*a**2 + 2*a + 45. Let j be w(7). Suppose -8*m + 3*m = c - j, -5*c = -3*m + 2029. What are the prime factors of m?
2, 3, 113
Let q = 115 + -192. Let a = 80 + q. List the prime factors of (1 + -3)/(200/(-65) + a).
2, 13
Let x(r) = 12*r**2 + 27*r - 1354. What are the prime factors of x(29)?
9521
Let a(x) be the third derivative of 41*x**5/60 + x**4/24 - 29*x**3/6 + 3*x**2 - 5. List the prime factors of a(5).
7, 11, 13
Let f(i) be the second derivative of -i**4/12 + 32*i**3/3 + 141*i**2/2 - 302*i. List the prime factors of f(24).
3, 367
Suppose 3*k = 11*k - 4*k - 41528. List the prime factors of k.
2, 29, 179
What are the prime factors of 29375 + 6 + 17 + -44?
2, 13, 1129
List the prime factors of ((-693)/308)/(12/(-335024)).
3, 20939
Let s be (-278)/(-8) - 8/(-32). Suppose 0 = -s*d + 20043 + 1167. List the prime factors of d.
2, 3, 101
Let i = 3882 + -3434. Let p = 4 - -1. Suppose 4*s = 5*o - 450, 0 = -p*o + 5*s + 7 + i. What are the prime factors of o?
2, 43
Suppose -8*i = -124 - 20. Suppose 5*h - 125 = -3*o, 98 = 3*o - 4*h - i. What are the prime factors of o?
2, 5
Suppose 0 = 35*x + 72758 - 297213. What are the prime factors of x?
11, 53
Suppose -8*y + 21*y - 725696 = -16*y. What are the prime factors of y?
2, 17, 23
Let l(t) = 49*t + 294. Let s(m) = 1. Let j(g) = -g**3 - 4*g**2 - 7*g - 18. Let d be j(-8). Let x(b) = d*s(b) - l(b). List the prime factors of x(-2).
2, 7
Suppose 39 = 5*h - 2*z - 65, 5*h - 106 = 3*z. List the prime factors of ((-34)/85 - (-2618)/h)*2.
3, 29
Let k = -42 - -115. Suppose -25 + k = 8*u. Suppose 42 = 3*y - u. List the prime factors of y.
2
Suppose 141*i = 3*i + 7345464. What are the prime factors of i?
2, 7, 1901
Suppose 5*p = 3*b + 3*p - 40, 37 = 3*b - 5*p. Let l be 215 + -7 - (-28)/14. Suppose -2*r + l = -4*n, 2*n + b = -2*r + 236. List the prime factors of r.
109
List the prime factors of 606914/245 - 2/10.
2477
Let a = 7141 + 2403. What are the prime factors of a?
2, 1193
Suppose -112 = 3*z - 4*p + 8*p, 3*z - p + 92 = 0. List the prime factors of z/(-6)*(-3393)/(-174).
2, 13
Let g(o) = 6*o**2 - 2*o - 2. Suppose 3 + 9 = 2*l. Let n be g(l). Suppose -n*h - 140 = -203*h. What are the prime factors of h?
2, 5, 7
Suppose -a + 22569 - 4843 = 4*v, 5*v + 17699 = a. What are the prime factors of a?
2, 17, 521
Let q = 6655 + -230. List the prime factors of q.
5, 257
Let b be 1/4 + (-11)/(-4). Let r be -1 + b - 2/2*-2. Suppose 0 = 3*g + v - 73 + 27, -60 = -r*g - v. List the prime factors of g.
2, 7
Let m = -15787 + 25030. What are the prime factors of m?
3, 13, 79
Suppose -2*k - 111 + 27 = 0. Let c = 45 + k. Suppose -c*y - 215 = -5*p, -p + 56 = -2*y + 4*y. List the prime factors of p.
2, 23
Let o(z) = -11961*z**3 + 4*z**2 + 22*z + 19. What are the prime factors of o(-1)?
2, 5981
List the prime factors of (-17 + -236)*(-1 - (-20)/(-2)).
11, 23
Let g(b) = -b**3 - 79*b**2 + 173*b - 175. What are the prime factors of g(-89)?
2, 47, 677
Let i(n) = 10*n - 566. Let o be i(0). Let j = o - -1129. What are the prime factors of j?
563
Suppose -7318 - 89546 = -96*u. What are the prime factors of u?
1009
Let o(b) be the second derivative of -5*b**3/6 + 225*b**2/2 + b + 25. List the prime factors of o(28).
5, 17
Let i = 1593 - -12220. List the prime factors of i.
19, 727
Suppose -3*h + 15 = 0, -2*x - 4*h + 5 = -5*h. Suppose 4*y - 70 = -x*j, -70 = -5*j + 2*y + 2*y. Suppose -j = 4*c - 178. What are the prime factors of c?
41
Let m(s) = s**3 + 20*s**2 + 2*s + 29. Suppose -2*f = -5*y + 4*y - 23, -3*y = 4*f + 49. What are the prime factors of m(y)?
2, 11
Let z be (-5 - -2)/(11/22). List the prime factors of (-3610)/z + -7 + 66/9.
2, 7, 43
Suppose 0*b + 2*b + 4174 = 4*i, -5*i + 3*b = -5218. List the prime factors of i.
7, 149
Let o(f) = -741*f**3 - f**2 - 2*f - 1. Let x be o(-1). Suppose -315 = -8*r + x. Suppose 5*g + r = 7*g. List the prime factors of g.
2, 3, 11
Let g(c) = -c**3 + 8*c**2 + 4*c - 41. Let f be g